12, 2*m = 4*n + 24. Let c(b) = b + 1. Let i be c(m). Suppose i*h - 7 = -3*l, -3*l + h + 11 = 2*h. What is the units digit of l?
4
Let a = -44 - -75. What is the tens digit of a?
3
Suppose 0 = -w - 4*q + 148, -3*w = 2*q - 0*q - 404. What is the hundreds digit of w?
1
Let h be (6/5)/(3/10). Suppose -h*w + 2*s + 34 = 0, -20 = -5*w - 4*s + 2*s. What is the units digit of w?
6
Suppose 3*g - 1760 = 4*i, -i - 2*g - 180 - 260 = 0. What is the units digit of i/(-15)*9/6?
4
Suppose 5*g - 4 = 51. Let k be (-1)/(12/g + -1). What is the tens digit of 0 - (k + -1 + 0)?
1
Let n(p) = p**3 - 6*p**2 + 2*p. Let s be n(5). Let d = s + 36. What is the units digit of d?
1
Suppose 6 = 2*q - 4*q. What is the units digit of 2/(q/(-2) + -1)?
4
What is the units digit of 20/3*54/12?
0
Let u(y) = 2*y - 1. Let j be u(1). Let r = 17 + j. What is the tens digit of r?
1
Let s(v) = -v**3 + 9*v**2 + 15*v - 2. What is the units digit of s(10)?
8
Let d be -20*(46/(-8) - 1). Suppose -d = -5*q + 40. Suppose q = -w + 6*w. What is the units digit of w?
7
Let y(h) = 2*h + 2. Let o be 2 + 0 + -4 - -4. Let m be y(o). What is the units digit of (-2)/(-1)*3/m?
1
Suppose -4*u = 4*o - 718 - 914, -832 = -2*o + 2*u. What is the tens digit of o?
1
Suppose -16*j + 15*j = -169. What is the hundreds digit of j?
1
Let o = 129 + -88. What is the units digit of o?
1
Let z(x) = -x**2 + 1. Let g be z(0). Let q = 0 + g. What is the units digit of q?
1
Let l(p) = p**2 - 4*p - 9. Let k be l(6). Let o(a) = a**3 - 2*a + 1. What is the tens digit of o(k)?
2
Let p be ((-1)/2*0)/(-1). Let x = 0 - p. Suppose x = -2*t - t + 12. What is the units digit of t?
4
Suppose -5*f = 31 + 29. Let h = f - -23. What is the units digit of h?
1
What is the units digit of (-531)/(-3) + 12/(-4)?
4
Suppose -j + 11 = -2*r, -3*j + 0*r + 47 = r. Let u = j + -1. Let n = u + -10. What is the units digit of n?
4
Let v = -31 - -46. Suppose x = -0 + v. What is the units digit of x?
5
Suppose -8*w = -5*w - 180. What is the tens digit of w?
6
What is the tens digit of (-1)/((-130)/43 + 3)?
4
Let d be (-80)/(-15) + (-2)/6. Suppose 11 = 4*r + 2*o - 33, 55 = d*r - 5*o. What is the tens digit of r?
1
Let u(x) = 5*x + 1. Let q be u(1). Suppose -g = 2*g - q. What is the units digit of g/5 - 33/(-5)?
7
Suppose -3*k + 38 - 14 = -4*m, m = 5*k - 23. Suppose 13 = 5*y - 22. Let l = y + m. What is the units digit of l?
4
Suppose 3*d - 5*d = -38. What is the tens digit of d?
1
Suppose 5*l = 12 + 368. What is the units digit of l?
6
Suppose -5*f + 11 = 3*r, 0*f + 5*f - r = 3. Let h be f/(2*3/6). What is the units digit of 3 + -2 + 0 + h?
2
Suppose 0 = 8*q - 126 - 162. What is the units digit of q?
6
Let s(n) = -n**2 - 2*n. Let b be s(-2). Suppose b*m - 2 = -2*m. Suppose -q = -2*q + m. What is the units digit of q?
1
Let y be ((-20)/6)/(4/18). What is the units digit of (-205)/y + 2/6?
4
Let a = -3 - -5. Suppose a*n - 3*q + q = 14, -3*n + 23 = -q. Suppose 0*r + n = r. What is the units digit of r?
8
Let r be (-4 + 6)/((-4)/10). Let l = 9 + r. What is the units digit of l?
4
Let x(h) = h**3 + 2*h**2 + 4*h - 7. What is the tens digit of x(3)?
5
Suppose 4*b = a + 6, 5*a + 5*b - 39 = a. Suppose d = 4*z - 1, 3*z - a = -3. Suppose -d*p + 0*p + 30 = 0. What is the tens digit of p?
1
Let y(m) = 3*m**2 + 6 - 4*m**2 + 0 + 9 - m. What is the units digit of y(0)?
5
Let z(n) = -n**2 + 7*n + 10. Let h be z(8). Let k(g) = -5*g**2. Let x(o) = -16*o**2 - o - 1. Let q(y) = -7*k(y) + 2*x(y). What is the units digit of q(h)?
6
Suppose -2*v = -6*v. Suppose v = -3*m + 37 + 23. What is the units digit of m?
0
Suppose -2*x - 5*k + 199 = 0, -3*k = 5*x + k - 455. Suppose -5*c + x + 88 = 0. What is the tens digit of c?
3
Let u = -67 - -113. What is the tens digit of u?
4
Let b be (-17)/(-3) + 2/(-3). Suppose -2*i + 15 = -5*i, -4*f - b*i = -27. What is the units digit of f?
3
Suppose -166 = 3*c + 5*a, -4*c + 4*a - a = 202. What is the units digit of c*(-1)/2 + 2?
8
Suppose 0 = -2*a + 286 + 14. Suppose -a - 38 = -4*x - 4*k, 250 = 5*x + 2*k. What is the tens digit of x?
5
Let v(y) = 8*y**2 - y - 2. Let b be v(2). Suppose 0 = j - 2*j. Suppose -6*t = -3*t + 4*z - b, -2*z + 2 = j. What is the units digit of t?
8
Let q be (2/(-4))/(12/(-48)). Suppose 3*r = -q*r + 10. What is the units digit of r?
2
Suppose 0*r + 15 = 5*r. Suppose -r*a + 11 = d + 2, 4*a - 4 = 0. What is the units digit of d?
6
Let h = 234 + -151. Let a = -50 + h. Suppose -5*r + a = 3*w, -4*w = -5*r - 4 + 30. What is the units digit of r?
6
Let g(u) = 2*u + 8. Let n be g(-5). What is the tens digit of (-60)/n + (0 - 0)?
3
Let r(z) = 0*z + z + 36*z**2 + 1 - 4*z + 2*z. What is the units digit of r(1)?
6
Let g = 0 + -2. Let d be ((-16)/12)/(g/9). Suppose -4*a = -8, -2 = -2*h + 5*a - d. What is the units digit of h?
3
Let c(s) = s**2 - 4*s - 4. Suppose 0*t - 5*i + 2 = t, -i = -t + 8. Let n = t + -2. What is the units digit of c(n)?
1
Suppose 3*o - 2*m + 5 = 14, -3*o = -5*m - 9. Suppose 0 = 2*y - 3 - o. Suppose -y*a = -a - 8. What is the units digit of a?
4
Suppose 2*n - 21 = -3*w + 5*n, 2*n = -10. Suppose 0 = 5*h - 0*h + 50. Let k = w - h. What is the tens digit of k?
1
Suppose -3*o = -126 + 51. Suppose 3*f + 3*c + 4 - o = 0, 5*f - c - 35 = 0. What is the units digit of f?
7
Suppose -3*i + 0*i = -3*b, 21 = 3*i + 4*b. Suppose 2 = h - i. What is the units digit of h?
5
Let l = 24 + 14. What is the tens digit of l?
3
Let r = 9 + -3. What is the units digit of r?
6
Let p = 14 - 8. Let d(n) = -4 + n + 3 - 4. What is the units digit of d(p)?
1
Let l(u) = -u**2 + u + 3. Let j be l(0). Suppose j*b - 45 = -2*b. What is the units digit of b?
9
Let q(w) = w**3 - 8*w**2 - 2. Let x be q(8). Let j be 1 - -2 - (x + 5). Suppose k - 2 - 3 = j. What is the units digit of k?
5
Suppose 4*b + b - 10 = 0. Suppose -t = -l - 5, 6*t - 17 = b*t + 3*l. What is the units digit of t?
2
Let j be 2/2*3*2. Suppose -2*l - 2*k + 56 = -58, -k + 265 = 5*l. What is the units digit of l/9 - j/(-27)?
6
Let o be 0 - -14 - (5 - 7). Let k = o + -10. What is the units digit of k?
6
Let v(w) = 4*w**2 - w - 2. Let r(q) = 11*q**2 - 3*q - 7. Let z(t) = -3*r(t) + 8*v(t). What is the units digit of z(0)?
5
Suppose -2*n - 6 = 10. What is the tens digit of (-6)/8 + (-182)/n?
2
Let i = 58 + -18. What is the units digit of i?
0
Let q(t) = t**3 + 8*t**2 - 2*t - 3. Let f(i) = i**2 - 8. Let l be f(0). What is the tens digit of q(l)?
1
Let x = -13 - -8. Suppose -8 = s - 0*s. Let i = x - s. What is the units digit of i?
3
Let r = 161 + -81. Suppose 4*o - r = -o. What is the tens digit of o?
1
Let h = 35 - 20. What is the tens digit of h?
1
Suppose -3*w + 47 = 5*d, -2*d - 41 = -5*w - 4. Suppose -4*h = -2*s - 7*h + 7, -h = 2*s - w. What is the units digit of s?
5
Let n(r) = r + 10. Suppose 2*h - 8 = 2*m, -2*h + 4*m = -7*h - 16. What is the tens digit of n(h)?
1
Let j(v) = 3 + 2*v - 4 + 2. Suppose 5*a - 27 = -7. What is the units digit of j(a)?
9
Let n be (-2)/3*(-39)/2. Suppose -3*l = -n - 2. Let z(j) = j**3 - 4*j**2 - 6*j + 6. What is the units digit of z(l)?
1
Suppose 5*k - 4*o = 4, k + 0*o = -2*o + 12. Suppose 0 = 3*h - 2*n - 26, 0 = -0*h - h - k*n + 32. Suppose -5*v - 2 + h = 0. What is the units digit of v?
2
Suppose -3*g = g - 780. What is the units digit of g?
5
Suppose 0 = 12*p - 13*p + 41. What is the units digit of p?
1
Suppose 5 = 3*b - 4. Suppose 0 = 3*g - 4*y - 33, -4*y = b*g - 3*y - 18. What is the units digit of g?
7
Let o(s) = -s**2 - 9*s - 7. Let j be o(-10). Let u = j + 62. What is the tens digit of u?
4
Suppose q = -4*q - 5. What is the units digit of -2 + 0 - (-10 + q)?
9
Let o be -6 + (-3 - 2/(-2)). Let z be (3/(-2))/(4/o). Suppose -y + z + 3 = 0. What is the units digit of y?
6
Suppose -3*b + 3 = 0, 4*b - 22 = -3*k + 3*b. What is the units digit of k?
7
What is the units digit of ((-27)/6 + 3)/((-9)/246)?
1
Suppose 5*i + 264 = 6*i. What is the hundreds digit of i?
2
Let f(a) = a + 21. Let w = 6 + -6. Let d be f(w). Let q = -13 + d. What is the units digit of q?
8
Let q(n) = n**3 - 2*n**2 - n + 1. Let m be q(2). Let k be ((0 + m)/(-1))/(-1). What is the units digit of 38/4 - k/(-2)?
9
Let w(g) = -g**2 + 6*g - 2. Let i be w(5). Let s(o) = o**2 + 4*o - 5. Let a be s(-5). Let t = a + i. What is the units digit of t?
3
Let x(y) = -7*y - 10. What is the tens digi